{"id":514,"date":"2026-01-19T11:51:23","date_gmt":"2026-01-19T10:51:23","guid":{"rendered":"https:\/\/zgk.radlin.pl\/zgk\/?page_id=514"},"modified":"2026-01-19T12:01:47","modified_gmt":"2026-01-19T11:01:47","slug":"dostawa-soli-drogowej-z-antyzbrylaczem-do-zimowego-utrzymania-drog","status":"publish","type":"page","link":"https:\/\/zgk.radlin.pl\/zgk\/index.php\/dostawa-soli-drogowej-z-antyzbrylaczem-do-zimowego-utrzymania-drog\/","title":{"rendered":"Dostawa soli drogowej z antyzbrylaczem, do zimowego utrzymania dr\u00f3g"},"content":{"rendered":"\n<p><br>Dostawa soli drogowej z antyzbrylaczem, do zimowego utrzymania dr\u00f3g w ilo\u015bci 275 t.<\/p>\n\n\n\n<p>Termin z\u0142o\u017cenia dokument\u00f3w do 22.01.2026 r., do godziny 12:00.<\/p>\n\n\n\n<div class=\"wp-block-file\"><a id=\"wp-block-file--media-535b1eaa-7642-467b-8c9f-9f6344ae90cd\" href=\"https:\/\/zgk.radlin.pl\/zgk\/wp-content\/uploads\/2026\/01\/Zalaczniki-Forma-edytowalna.odt\">Za\u0142\u0105czniki &#8211; Forma edytowalna<\/a><a href=\"https:\/\/zgk.radlin.pl\/zgk\/wp-content\/uploads\/2026\/01\/Zalaczniki-Forma-edytowalna.odt\" class=\"wp-block-file__button wp-element-button\" download aria-describedby=\"wp-block-file--media-535b1eaa-7642-467b-8c9f-9f6344ae90cd\">Pobierz<\/a><\/div>\n\n\n\n<div data-wp-interactive=\"core\/file\" class=\"wp-block-file\"><object data-wp-bind--hidden=\"!state.hasPdfPreview\" hidden class=\"wp-block-file__embed\" data=\"https:\/\/zgk.radlin.pl\/zgk\/wp-content\/uploads\/2026\/01\/ZAPYTANIE-OFERTOWE-Dostawa-soli-drogowej-z-antyzbrylaczem-do-zimowego-utrzymania-drog-1.pdf\" type=\"application\/pdf\" style=\"width:100%;height:600px\" aria-label=\"Osadzone z ZAPYTANIE OFERTOWE - Dostawa soli drogowej z antyzbrylaczem, do zimowego utrzymania dr\u00f3g..\"><\/object><a id=\"wp-block-file--media-af7b1535-9388-44ad-9006-0a0712efce66\" href=\"https:\/\/zgk.radlin.pl\/zgk\/wp-content\/uploads\/2026\/01\/ZAPYTANIE-OFERTOWE-Dostawa-soli-drogowej-z-antyzbrylaczem-do-zimowego-utrzymania-drog-1.pdf\">ZAPYTANIE OFERTOWE &#8211; Dostawa soli drogowej z antyzbrylaczem, do zimowego utrzymania dr\u00f3g.<\/a><a href=\"https:\/\/zgk.radlin.pl\/zgk\/wp-content\/uploads\/2026\/01\/ZAPYTANIE-OFERTOWE-Dostawa-soli-drogowej-z-antyzbrylaczem-do-zimowego-utrzymania-drog-1.pdf\" class=\"wp-block-file__button wp-element-button\" download aria-describedby=\"wp-block-file--media-af7b1535-9388-44ad-9006-0a0712efce66\">Pobierz<\/a><\/div>\n\n\n\n<p><\/p>\n","protected":false},"excerpt":{"rendered":"<p>Dostawa soli drogowej z antyzbrylaczem, do zimowego utrzymania dr\u00f3g w ilo\u015bci 275 t. Termin z\u0142o\u017cenia dokument\u00f3w do 22.01.2026 r., do godziny 12:00.<\/p>\n","protected":false},"author":3,"featured_media":0,"parent":0,"menu_order":0,"comment_status":"closed","ping_status":"closed","template":"","meta":{"footnotes":""},"class_list":["post-514","page","type-page","status-publish","hentry"],"_links":{"self":[{"href":"https:\/\/zgk.radlin.pl\/zgk\/index.php\/wp-json\/wp\/v2\/pages\/514","targetHints":{"allow":["GET"]}}],"collection":[{"href":"https:\/\/zgk.radlin.pl\/zgk\/index.php\/wp-json\/wp\/v2\/pages"}],"about":[{"href":"https:\/\/zgk.radlin.pl\/zgk\/index.php\/wp-json\/wp\/v2\/types\/page"}],"author":[{"embeddable":true,"href":"https:\/\/zgk.radlin.pl\/zgk\/index.php\/wp-json\/wp\/v2\/users\/3"}],"replies":[{"embeddable":true,"href":"https:\/\/zgk.radlin.pl\/zgk\/index.php\/wp-json\/wp\/v2\/comments?post=514"}],"version-history":[{"count":2,"href":"https:\/\/zgk.radlin.pl\/zgk\/index.php\/wp-json\/wp\/v2\/pages\/514\/revisions"}],"predecessor-version":[{"id":521,"href":"https:\/\/zgk.radlin.pl\/zgk\/index.php\/wp-json\/wp\/v2\/pages\/514\/revisions\/521"}],"wp:attachment":[{"href":"https:\/\/zgk.radlin.pl\/zgk\/index.php\/wp-json\/wp\/v2\/media?parent=514"}],"curies":[{"name":"wp","href":"https:\/\/api.w.org\/{rel}","templated":true}]}}